what is -52 + -1?
-53
In base 6, what is -4325 - 5?
-4334
In base 12, what is 4 + 43?
47
In base 7, what is 534 + -2?
532
In base 4, what is -211 + -12?
-223
In base 12, what is 4 - -705?
709
In base 8, what is -44 + -35?
-101
In base 7, what is -5 + -1643?
-1651
In base 6, what is 5 - 20435?
-20430
In base 14, what is -634a + 2?
-6348
In base 9, what is 320 + -4?
315
In base 2, what is 111110 + -1110?
110000
In base 13, what is -71b + 2?
-719
In base 9, what is 2 - -83?
85
In base 9, what is 3 - -112?
115
In base 3, what is 221022 + 0?
221022
In base 9, what is -8010 - -5?
-8004
In base 4, what is -2033 + -20?
-2113
In base 14, what is -5 + 9?
4
In base 10, what is -579 - -5?
-574
In base 8, what is 430 - 1?
427
In base 11, what is -65 - -69?
4
In base 5, what is 31111 - -2?
31113
In base 2, what is -11 + -1010100101?
-1010101000
In base 8, what is -5 + -251?
-256
In base 10, what is -4 - -4107?
4103
In base 12, what is -1224 - -1?
-1223
In base 3, what is 10 - -1210?
1220
In base 11, what is 31 + 9?
3a
In base 7, what is -13 + 145?
132
In base 13, what is 9 + -1117?
-110b
In base 6, what is -5 - 5?
-14
In base 14, what is d - 183?
-174
In base 10, what is -125 + -5?
-130
In base 13, what is -51 + 80?
2c
In base 12, what is -22a9 - 4?
-22b1
In base 3, what is -1012 + -21?
-1110
In base 4, what is -2 + -110123?
-110131
In base 4, what is -12 - 321?
-333
In base 12, what is 5 - 1298?
-1293
In base 6, what is -1 - 114?
-115
In base 8, what is -237 - -113?
-124
In base 15, what is -4 - -284?
280
In base 2, what is -100 - -10100100?
10100000
In base 11, what is 18 - -8?
25
In base 5, what is 21402 - -10?
21412
In base 12, what is -587 - -5?
-582
In base 13, what is -74 + 5?
-6c
In base 2, what is -110001000 + -1110?
-110010110
In base 7, what is -36 + 4?
-32
In base 12, what is 1005 + 4?
1009
In base 14, what is 3 + 1ab?
1b0
In base 12, what is a9 - -13?
100
In base 5, what is -2 + 20223?
20221
In base 15, what is 263 + 2?
265
In base 10, what is 20469 + -1?
20468
In base 4, what is -20332 + -11?
-21003
In base 4, what is -11 - 13132?
-13203
In base 9, what is 4 - 38?
-34
In base 15, what is 4 + -26?
-22
In base 15, what is -3 - 10?
-13
In base 13, what is -4 + -150?
-154
In base 15, what is -4 - -33?
2e
In base 10, what is 315 - -31?
346
In base 15, what is 1 - 26d?
-26c
In base 3, what is -2110 - 1112?
-10222
In base 15, what is 2 + 999?
99b
In base 10, what is -1289 + 6?
-1283
In base 2, what is -101100100 - -101?
-101011111
In base 2, what is 1111011 + 101?
10000000
In base 5, what is 420 + 10?
430
In base 10, what is -255 - -3?
-252
In base 7, what is 212 - 0?
212
In base 15, what is -6 - 12?
-18
In base 16, what is c0e + -2?
c0c
In base 5, what is 1333 + -10?
1323
In base 11, what is 42 - 4?
39
In base 6, what is -21 - 0?
-21
In base 8, what is -441 - 1?
-442
In base 10, what is 3 - 19?
-16
In base 5, what is 1 - -2320?
2321
In base 15, what is 3 - 10?
-c
In base 9, what is -47 + 14?
-33
In base 3, what is 1221021 - 11?
1221010
In base 2, what is -100001110 - 10000?
-100011110
In base 2, what is -101 + 10011?
1110
In base 10, what is -9 + 53?
44
In base 11, what is -161 - 20?
-181
In base 10, what is -300 - 13?
-313
In base 16, what is ba - -3?
bd
In base 9, what is -102 + 544?
442
In base 9, what is -45 - -53?
7
In base 5, what is -10 - -2?
-3
In base 16, what is -10a + 3?
-107
In base 5, what is 130 + 230?
410
In base 10, what is 3 - 89?
-86
In base 14, what is -1a + -4?
-20
In base 11, what is 1224 - 5?
121a
In base 8, what is -23 + 253?
230
In base 9, what is -1 + -330?
-331
In base 2, what is -10101000 + -101?
-10101101
In base 4, what is 11 + 231?
302
In base 5, what is -32 + 110?
23
In base 13, what is 0 + -1?
-1
In base 13, what is 59 + -37?
22
In base 3, what is 12 + -20010202?
-20010120
In base 15, what is -a0 + -5?
-a5
In base 14, what is -6 - -a4?
9c
In base 13, what is -33 - a7?
-10a
In base 2, what is -100 - 1000001?
-1000101
In base 6, what is 11 - 502?
-451
In base 11, what is -102 + -4?
-106
In base 12, what is 673 - -2?
675
In base 10, what is -543 + -4?
-547
In base 15, what is 3 + -125?
-122
In base 13, what is -16c - 9?
-178
In base 12, what is 9 + 61?
6a
In base 15, what is 0 - 6c?
-6c
In base 8, what is -4 + 3031?
3025
In base 15, what is 1 - 1b?
-1a
In base 4, what is 1000 + 23?
1023
In base 13, what is -4 + 16b?
167
In base 8, what is 0 + -157?
-157
In base 14, what is 1430 - 5?
1429
In base 14, what is -10 + 20?
10
In base 10, what is -20 + -9?
-29
In base 2, what is -1 - -1011111110?
1011111101
In base 6, what is -2 + 442?
440
In base 3, what is -210 + 1022?
112
In base 7, what is -1 - -346?
345
In base 16, what is -ca + 3?
-c7
In base 6, what is -104 - -105?
1
In base 5, what is 2 + 2?
4
In base 14, what is 1b44 - -1?
1b45
In base 15, what is -9 - -42?
38
In base 12, what is -4b - 2b?
-7a
In base 13, what is -248 - 5?
-250
In base 7, what is 1 + 356?
360
In base 7, what is 5 + -3?
2
In base 8, what is -6176 + 2?
-6174
In base 7, what is -1 - -3024?
3023
In base 5, what is 22 - -10?
32
In base 2, what is 101011 + 10001010?
10110101
In base 2, what is 0 - -11011?
11011
In base 12, what is -1 + -11a?
-11b
In base 5, what is 0 + -20?
-20
In base 9, what is -133 + -1?
-134
In base 13, what is 150 - -2?
152
In base 12, what is -394 + 1?
-393
In base 12, what is -10 + 270?
260
In base 14, what is 80 + 0?
80
In base 5, what is -1 - 41231?
-41232
In base 10, what is 10 - -11?
21
In base 6, what is -2451 + -5?
-2500
In base 16, what is 2aa - -3?
2ad
In base 10, what is -3 + -1700?
-1703
In base 12, what is -4 - -806?
802
In base 6, what is 3 - -1254?
1301
In base 9, what is 4 + -255?
-251
In base 5, what is -2143 - 2?
-2200
In base 14, what is 105 - -2?
107
In base 5, what is 12304 - 31?
12223
In base 12, what is a1 - -b?
b0
In base 5, what is -1 - -221141?
221140
In base 7, what is 126 - -20?
146
In base 5, what is 2 - -1112?
1114
In base 9, what is 4100 - 1?
4088
In base 14, what is -3 + 52?
4d
In base 10, what is 3 - 170?
-167
In base 10, what is 67 + 3?
70
In base 10, what is 7 + 125?
132
In base 7, what is -34652 - 2?
-34654
In base 2, what is -100000011 + 111?
-11111100
In base 2, what is -1 + -1011111?
-1100000
In base 15, what is -39 - 6?
-40
In base 4, what is -11 - -2211?
2200
In base 8, what is -25 - 3?
-30
In base 7, what is -602 + -3?
-605
In base 12, what is -8 - -4?
-4
In base 15, what is 4 - -5b?
60
In base 3, what is -22 + -212?
-1011
In base 4, what is 11120 + -1?
11113
In base 4, what is 2 - 1130?
-1122
In base 8, what is -2670 + 0?
-2670
In base 12, what is -3 - 3?
-6
In base 2, what is 1010010 + 100?
1010110
In base 15, what is -2 - -8?
6
In base 5, what is 2222432 - -2?
2222434
In base 12, what is 7 + -857?
-850
In base 5, what is -13 + -2313?
-2331
In base 4, what is -11 + -1203?
-1220
In base 13, what is -114 - -5?
-10c
In base 9, what is -6 - -77?
71
In base 5, what is 2 + -1203?
-1201
In base 11, what is 1a5 - -26?
220
In base 7, what is 3 - -1142?
1145
In base 7, what is 1 + -25?
-24
In base 5, what is -32340 - -23?
-32312
In base 11, what is -5 - 4682?
-4687
In base 7, what is -3 + 336?
333
In base 16, what is -c - 11?
-1d
In base 13, what is -150 + -5?
-155
In base 11, what is 3 - -18?
20
In base 6, what is -124 - -3?
-121
In base 9, what is 4 + 2138?
2143
In base 14, what is -6 - -3a6?
3a0
In base 15, what is -5 + 16e?
169
In base 14, what is -117c - 4?
-1182
In base 7, what is 202064 - -1?
202065
In base 3, what is 20110222 + 10?
20111002
In base 7, what is 1 - 230?
-226
In base 11, what is -67a - 9?
-688
In base 2, what is 10001101 - 10?
10001011
In base 14, what is 2 + 49?
4b
In base 6, what is -111 + 4001?
3450
In base 10, what is -29 + -1?
-30
In base 7, what is -60 + -240?
-330
In base 4, what is 13211 + -13?
13132
In base 3, what is 2 + -111?
-102
In base 5, what is 1100 - -10?
1110
In base 10, what is -3 + -2489?
-2492
In base 12, what is -2b10 - 4?
-2b14
In base 4, what is 0 + 0?
0
In base 9, what is 741 + -5?
735
In base 11, what is 22 - -7?
29
In base 4, what is -10 + 1012?
1002
In base 3, what is 2 - 101000?
-100221
In base 12, what is -68 - 62?
-10a
In base 5, what is 10 + 12314?
12324
In base 15, what is -3 - -5d?
5a
In base 13, what is 2342 - -2?
2344
In base 8, what is 203 